6. Is i composite?
True
Suppose 4*r - a + 54373 = 328213, -2*r - 2*a + 136910 = 0. Is r composite?
True
Suppose 23*q + 220246 = 906497. Is q a prime number?
True
Suppose 0 = -22*c + 8*c - 4*c + 3415590. Is c composite?
True
Let w(k) = 618662*k**3 + 11*k**2 + 31*k - 41. Is w(1) prime?
False
Suppose -16*f - 16*f + 3523243 = -f. Is f composite?
True
Let t(b) = 12*b**2 + 10*b - 66. Let p be t(5). Let h = p + 4437. Is h composite?
False
Suppose 3*o + 4582 = -9608. Let t = -723 - o. Is t a composite number?
False
Suppose 6*t - 18*t + 16158838 = 70*t. Is t composite?
False
Suppose 17446 = -29*a + 30*a - 28801. Is a a prime number?
False
Let v = 1429 - 14312. Let b = 22112 + v. Is b prime?
False
Let p(s) be the second derivative of 4403*s**3/6 + 13*s**2 - 42*s. Is p(3) a composite number?
True
Suppose -14*y = 12*y + 198328. Let j = -3331 - y. Is j prime?
True
Let q be (-33667)/(-5) + (-63)/(-105). Let b = q - 4561. Is b a composite number?
True
Suppose -3*o - 3164 - 808 = -3*z, o = 4. Suppose -4*w = -8504 - z. Is w composite?
True
Let c(q) = q + 10. Let r be c(-17). Let m(f) = f + 16. Let g be m(r). Suppose 0 = -g*i - 1618 + 9781. Is i a composite number?
False
Let s(z) = -207*z + 37. Let o(u) = 208*u - 36. Let t(d) = 2*o(d) + 3*s(d). Let i be t(-7). Suppose -14*l + i = -3*l. Is l prime?
False
Let u(z) = z**2 + 2*z + 2. Let v be u(-1). Let r(q) = 5*q**2 + 3*q - 1. Let k be r(v). Suppose 610 = -k*s + 2388. Is s a prime number?
False
Let q = -1521 - -2254. Let t = q + -44. Is t a composite number?
True
Suppose 0 = -67*d + 72*d - 60. Suppose d*w - 11*w = 2137. Let m = w - -648. Is m a prime number?
False
Let y(f) be the first derivative of -178*f**2 - 335*f - 186. Is y(-18) prime?
True
Let j(g) = -63*g - 95. Let q(y) = -20*y - 48 + 16 - y. Let o(a) = 4*j(a) - 11*q(a). Is o(-17) a prime number?
False
Let o be 1*(2 + 3) + 48. Suppose -o*z + 49*z + 17232 = 0. Suppose 23*b - z = 17*b. Is b prime?
False
Suppose 10 = 2*w, 42*w = -2*z + 39*w + 12941. Is z prime?
False
Suppose 10 = -0*r + 5*r. Suppose r*h - 662 = l - 5*l, 5*l = -4*h + 1333. Is h a composite number?
False
Suppose 4*l + 5*g + 17 = 0, 5*g = -4*l + 3*g - 2. Suppose l*b = -0*b + 4. Suppose -97 = -b*n + 33. Is n composite?
True
Suppose -2*f - 2*d + 8 = 0, 0 = -3*f + 4*d - 2 - 14. Suppose 0 = -16*n - f*n + 160. Is 2*((-30025)/n)/(-5) a composite number?
False
Is (-1)/(-1)*1*48/((-2496)/(-1472588)) a prime number?
True
Let r(i) be the second derivative of -119*i**5/120 + 13*i**4/12 + 2*i**3/3 - 16*i. Let j(w) be the second derivative of r(w). Is j(-7) a prime number?
True
Let r(m) = -m + 13. Let w be r(-9). Let u = -141 + 66. Is (-4 + u)/((-2)/w) a composite number?
True
Suppose 0 = 22*k - 672335 - 126903. Is k a prime number?
False
Suppose -3*s + 5*v - 119 = 0, 88 = -2*s + 2*v - 3*v. Let n(i) = -15*i**2 + 3*i + 4. Let a be n(3). Let h = s - a. Is h a prime number?
True
Let s be ((-2)/(-4))/((-627)/(-88) + -7). Suppose -3*g = -2*u - 16513, g - s*u - u = 5526. Is g a composite number?
False
Suppose 2*x + 4*x = 24. Suppose u - 4*i = -0*i + x, 2*u + 4 = -4*i. Suppose -2*q - n + 192 = u, n = -4*q + 2*n + 390. Is q a prime number?
True
Suppose -106*g = -101*g - 20, 4*g = -2*l + 2098542. Is l composite?
False
Let q(r) = 339*r + 18 + 11 - 4 - 66*r. Is q(6) a prime number?
True
Is (-561562)/(-7) - 344/301 a composite number?
True
Suppose 2*z - 199094 + 45736 = 0. Is z composite?
False
Let o = -25 - -25. Let q be (o - -1340)*27/36. Let m = q + -634. Is m a composite number?
True
Let k(q) = -982*q - 53. Let b = -378 + 368. Is k(b) composite?
False
Suppose -2*s + 10 = -2*v, -v + 4*s - 22 + 2 = 0. Let c(a) = 7*a - 9 - 7*a + 91 + a**2. Is c(v) a prime number?
False
Let k be 8/12 - 2*132/(-9). Let w be (-366)/10 - (72/k)/6. Let t = 184 - w. Is t a composite number?
True
Let x = 1184629 - 709392. Is x a prime number?
False
Suppose 3*y - 34 = 3*l - 10, -5*y + 20 = -l. Suppose 0 = y*b + 12*b - 8790. Is b a composite number?
True
Let y = 17602 - 17528. Is y a composite number?
True
Let v be (-3)/(-6) - 1 - (-5)/(-2). Let i(o) = 40*o**2 - o - 16. Is i(v) composite?
False
Let r = -73 - -78. Is (r - -2) + -4 - (-9323 + -1) composite?
True
Suppose 2*i + 18 = -4*z, -5*z - 60 = -0*z - 5*i. Let r(c) = 53*c + 28. Let l(v) = -160*v - 85. Let m(o) = z*r(o) - 2*l(o). Is m(-8) a prime number?
False
Let q(m) = -61*m**3 + 14*m**2 - 114*m + 34. Is q(-13) composite?
True
Suppose -223460 + 78789 = -116*a + 179781. Is a a prime number?
True
Let m be 6203*3/(-9) - (-6)/9. Let v(o) = -o**2 - 3*o + 2. Let t be v(-2). Is (m/12)/((-2 + t)/(-8)) a prime number?
False
Let c(r) = -4*r**2 + 27*r - 3. Let g be c(7). Is (g/60)/((-1)/9609)*2 prime?
True
Let f be ((-1)/(-2))/(3/114). Let l = 21 - f. Suppose -3*y + c + 2710 = 687, l*y - 1358 = 3*c. Is y a composite number?
False
Is 5 - -5706*(13 - -28) a composite number?
True
Let x be (-3)/7 - (-102)/42. Is 3/x*(-331700)/(-150) composite?
True
Let f(a) = -a**3 + 24*a**2 - 15*a + 17. Let h be f(10). Suppose -5*s - 5 = 0, 0 = 13*d - 11*d - 5*s - h. Is d a composite number?
False
Suppose 5*o - 3*t + 4052 = 0, 3*o + t + 2567 - 133 = 0. Let i = o - -3572. Is i a prime number?
False
Suppose -2*k + 33 = -2*b + 3, 0 = -3*k - b + 25. Let y = 10 - k. Suppose 0 = -y*a + 4*a + 2*j - 40, -2*a + 22 = 2*j. Is a a prime number?
False
Let a be 126/28*536/6. Suppose a = x + 5. Let o = -38 + x. Is o a composite number?
False
Let h = -39547 - -142308. Is h a composite number?
False
Suppose 0 = -72*w + 66*w - 19056. Let x = w - -5325. Is x a prime number?
False
Suppose 25*l - 22*l = 24165. Suppose m - l = -z - m, 8067 = z - 4*m. Is z composite?
False
Let w = -2915 - -4443. Let y = -1061 + w. Is y prime?
True
Suppose 3*n + m + 452 = 0, -3*n - 3*m - 347 = 103. Let r(u) = -u**2 - 3. Let d be r(-9). Let h = d - n. Is h a composite number?
False
Let t = 16848 - -25031. Is t prime?
True
Let a be ((-8)/14)/4 - (-5664)/(-42). Let k = 141 + a. Is 475 - (-3)/k*8 composite?
False
Suppose 0*l + 2*l + 28 = -2*y, 0 = -2*l - 3*y - 33. Let h be ((-5)/(-15) - (-3)/l)/(-1). Suppose -4075 = -h*u - 5*u. Is u composite?
True
Let t(n) be the first derivative of n**3/3 + 5*n**2/2 + 14*n - 4. Let a be t(-9). Suppose -a = -5*h + 5. Is h prime?
True
Let a = 370 + -558. Let x = a - -3011. Let g = x + -1697. Is g composite?
True
Suppose -2*h + 208064 = -452198. Is h composite?
False
Suppose 0 = 36*f + 3 - 3. Suppose -y = f, 4*j + 0*y = -y + 36532. Is j composite?
False
Let q(n) = 48523*n**2 - 874*n + 3. Is q(2) a composite number?
False
Let x = 521 - 515. Suppose x*p = -5*p + 7359. Is p composite?
True
Is 177220544/416 - (-1)/3*(-21)/(-91) a prime number?
True
Suppose 0 = -5*r - 3*l + 9181177, 14*r - 9*r + 15*l = 9181105. Is r a composite number?
False
Let x be (-57)/114 + (-53734)/(-4). Suppose 629 - x = -i - 5*o, 2 = -2*o. Is i composite?
False
Suppose 4*o + 66819987 = 26*o + 95*o. Is o prime?
True
Let k(x) = 1732*x**2 + 9*x - 32. Is k(11) composite?
False
Suppose -33 - 30 = -7*d. Suppose 2*q + 6181 = d*q. Suppose -3*t - 1477 = -5*a, -3*a = -t - 0*t - q. Is a a composite number?
False
Suppose 0 = 4*k - 19*b + 24*b + 198943, 4*b = 5*k + 248648. Let l = -7409 - k. Is l a prime number?
True
Suppose 18 = -2*s + 5*s. Suppose -s*t + 6910 = -t. Let b = -751 + t. Is b prime?
True
Suppose 181813 = 1581*v - 1580*v. Is v a composite number?
False
Let h(x) = 21821*x**2 + 11*x - 19. Is h(-4) a composite number?
True
Let v(r) = -4*r + 7. Let x be v(1). Let z(d) = 3035*d - 4. Is z(x) prime?
False
Suppose -2*u + 12 = 3*x, -17 = -x + 2*u - 7*u. Suppose -2*b + 22 = 2*k, -k + 3*b = -x*b + 7. Is 2*(4252/k - 4) a composite number?
True
Let b = 2300 - 670. Let y = 751 - -2240. Let s = y - b. Is s a prime number?
True
Suppose 23*d + 46043 = -283133. Let j = 21079 + d. Is j prime?
False
Suppose 0 = 4*b - 3*b + 4*g - 9, 9 = 2*b - g. Suppose -3*s - 3*p - 6 = -b*s, -p = 3*s - 9. Suppose -u + 2098 = 5*z, 2*z = 3*z + s*u - 428. Is z prime?
True
Suppose 0 = -6*a + 76 + 116. Suppose 5563 = a*s + 155. Is s a prime number?
False
Let v be 2/7 + 430/(-35). Let r(j) = j**3 + 13*j**2 + 14*j + 26. Let w be r(v). Suppose 0 = 5*x - 0*x + t - 442, 2*t = -w*x + 172. Is x prime?
True
Let j = 2263 + 18588. Is j composite?
True
Let s = -1556 + 148. Suppose 47*q + 16280 + 7079 = 0. Let i